{"id":435,"date":"2016-05-18T17:54:04","date_gmt":"2016-05-18T15:54:04","guid":{"rendered":"http:\/\/erstersjc.de\/wordpress\/?page_id=435"},"modified":"2019-05-12T23:21:50","modified_gmt":"2019-05-12T21:21:50","slug":"trainingsgruppen","status":"publish","type":"page","link":"https:\/\/erstersjc.de\/?page_id=435","title":{"rendered":"Trainingsgruppen"},"content":{"rendered":"<p style=\"text-align: center;\"><strong>Trainingsgruppen des 1. Schweriner Judoclubs<\/strong><\/p>\n<figure id=\"attachment_8057\" aria-describedby=\"caption-attachment-8057\" style=\"width: 650px\" class=\"wp-caption aligncenter\"><a href=\"https:\/\/erstersjc.de\/wp-content\/uploads\/2019\/05\/Ippon-Gruppe-1.jpg\"><img loading=\"lazy\" decoding=\"async\" class=\"wp-image-8057\" src=\"https:\/\/erstersjc.de\/wp-content\/uploads\/2019\/05\/Ippon-Gruppe-1.jpg\" alt=\"\" width=\"650\" height=\"421\" srcset=\"https:\/\/erstersjc.de\/wp-content\/uploads\/2019\/05\/Ippon-Gruppe-1.jpg 1000w, https:\/\/erstersjc.de\/wp-content\/uploads\/2019\/05\/Ippon-Gruppe-1-300x194.jpg 300w, https:\/\/erstersjc.de\/wp-content\/uploads\/2019\/05\/Ippon-Gruppe-1-768x497.jpg 768w\" sizes=\"auto, (max-width: 650px) 100vw, 650px\" \/><\/a><figcaption id=\"caption-attachment-8057\" class=\"wp-caption-text\">Ipponjudo &#8211; Gruppe 1<\/figcaption><\/figure>\n<figure id=\"attachment_8058\" aria-describedby=\"caption-attachment-8058\" style=\"width: 650px\" class=\"wp-caption aligncenter\"><a href=\"https:\/\/erstersjc.de\/wp-content\/uploads\/2019\/05\/Ippon-Gruppe-2.jpg\"><img loading=\"lazy\" decoding=\"async\" class=\"wp-image-8058\" src=\"https:\/\/erstersjc.de\/wp-content\/uploads\/2019\/05\/Ippon-Gruppe-2.jpg\" alt=\"\" width=\"650\" height=\"421\" srcset=\"https:\/\/erstersjc.de\/wp-content\/uploads\/2019\/05\/Ippon-Gruppe-2.jpg 1000w, https:\/\/erstersjc.de\/wp-content\/uploads\/2019\/05\/Ippon-Gruppe-2-300x194.jpg 300w, https:\/\/erstersjc.de\/wp-content\/uploads\/2019\/05\/Ippon-Gruppe-2-768x498.jpg 768w\" sizes=\"auto, (max-width: 650px) 100vw, 650px\" \/><\/a><figcaption id=\"caption-attachment-8058\" class=\"wp-caption-text\">Ipponjudo &#8211; Gruppe 2<\/figcaption><\/figure>\n<p style=\"text-align: center;\"><strong>Ipponjudo-Gruppe in der vorrangig die Sportgymnasiasten trainieren<\/strong><\/p>\n<p style=\"text-align: center;\">Unsere Ipponjudo-Gruppe (Mai 2019): 4 x w\u00f6chentliches Training. Zum Gro\u00dfteil Judokas die am Schweriner Sportgymnasium zur Schule gehen. Erfolge vor allem bei den Meisterschaften und internationalen Turnieren. Trainer Peter Schneider.<\/p>\n<hr \/>\n<div class=\"img_caption none\" style=\"text-align: center;\"><a href=\"https:\/\/erstersjc.de\/wp-content\/uploads\/2019\/05\/Technik-Judo-neu.jpg\"><img loading=\"lazy\" decoding=\"async\" class=\"aligncenter wp-image-8055\" src=\"https:\/\/erstersjc.de\/wp-content\/uploads\/2019\/05\/Technik-Judo-neu.jpg\" alt=\"\" width=\"650\" height=\"488\" srcset=\"https:\/\/erstersjc.de\/wp-content\/uploads\/2019\/05\/Technik-Judo-neu.jpg 1000w, https:\/\/erstersjc.de\/wp-content\/uploads\/2019\/05\/Technik-Judo-neu-300x225.jpg 300w, https:\/\/erstersjc.de\/wp-content\/uploads\/2019\/05\/Technik-Judo-neu-768x576.jpg 768w\" sizes=\"auto, (max-width: 650px) 100vw, 650px\" \/><\/a><\/div>\n<p>&nbsp;<\/p>\n<p style=\"text-align: center;\"><strong>Technikjudo-Gruppe<br \/>\n<\/strong><\/p>\n<p style=\"text-align: center;\">Unsere Technikijudo-Gruppe geht \u00fcber alle Altersklassen (Mai 2019): 3 x w\u00f6chentliches Training am Dienstag, Donnerstag und Freitag. Einige von ihnen haben die Voraussetzungen, um am Schweriner Sportgymnasium zur Schule zu gehen und in die Ipponjudo-Gruppe zu wechseln. Es gibt sehr viele Erfolge bei den Nachwuchsturnieren. Trainer Ralph und Christian Gabler sowie Eckhard Zerck.<\/p>\n<hr \/>\n<p style=\"text-align: center;\"><a class=\"imagesizer_thumb\" title=\"Spassjudo-Gruppe 2013\" href=\"https:\/\/erstersjc.de\/wordpress\/wp-includes\/imagesjoom\/verein\/Spassjudo13.JPG\" rel=\"lightbox[id_136]\"><img loading=\"lazy\" decoding=\"async\" class=\"imagesizer_thumb\" src=\"https:\/\/erstersjc.de\/wordpress\/wp-includes\/cache\/136_0_0_images_verein_Spassjudo13.JPG\" alt=\"Spassjudo-Gruppe 2013\" width=\"635\" height=\"375\" border=\"0\" \/><\/a><\/p>\n<p style=\"text-align: center;\"><strong>Spassjudo-Gruppe<br \/>\n<\/strong><\/p>\n<p style=\"text-align: center;\">Unsere Spassjudo-Gruppe (Januar 2013): 2 x w\u00f6chentliches Training am Montag und Mittwoch. Unsere etwas \u00e4lteren Anf\u00e4nger. Sie bekommen hier die Voraussetzungen, um in die Technikjudo-Gruppe zu wechseln. Diese Judokas treten vorrangig bei den vereinseigenen Nachwuchsturnieren erfolgreich auf. Unser Vereinssportlehrer Ralph Gabler betreut diese Gruppe.<\/p>\n<hr \/>\n<p style=\"text-align: center;\"><a class=\"imagesizer_thumb\" title=\"Spieljudo-Gruppe 2013\" href=\"https:\/\/erstersjc.de\/wordpress\/wp-includes\/imagesjoom\/verein\/spieljudo13.jpg\" rel=\"lightbox[id_136]\"><img loading=\"lazy\" decoding=\"async\" class=\"imagesizer_thumb\" src=\"https:\/\/erstersjc.de\/wordpress\/wp-includes\/cache\/136_0_0_images_verein_Spieljudo13.JPG\" alt=\"Spieljudo-Gruppe 2013\" width=\"642\" height=\"362\" border=\"0\" \/><\/a><\/p>\n<p style=\"text-align: center;\"><strong>Spieljudo Alter 4-8 Jahre<br \/>\n<\/strong><\/p>\n<p style=\"text-align: center;\">Unsere Kleinsten und Anf\u00e4nger (Januar 2013): 2 x w\u00f6chentliches Training zum spielerischen Erlernen des Judosportes. Jeden\u00a0Dienstag von 16.00 \u2013 17.00 Uhr und Freitag von 17.00 \u2013 18.30 Uhr treffen sich die J\u00fcngsten, um auf der Judomatte unter Leitung des Vereinssportlehrers Ralph Gabler und Mirko Bartke zu rollen, festzuhalten, zu k\u00e4mpfen und nat\u00fcrlich auch zu spielen. Wir laden herzlich interessierte Kindern mit ihren Eltern in unsere Judohalle nahe dem Fernsehturm, Hamburger Allee 122 ein.<\/p>\n<hr \/>\n<p style=\"text-align: center;\"><img decoding=\"async\" src=\"https:\/\/erstersjc.de\/wordpress\/wp-includes\/imagesjoom\/verein\/erwachsene_feb13_2.jpg\" alt=\"Erwachsenengruppe Februar 2013\" border=\"0\" \/><\/p>\n<p style=\"text-align: center;\"><strong>Erwachsene die dem Judosport treu geblieben oder Sp\u00e4teinsteiger sind<\/strong><\/p>\n<p style=\"text-align: center;\">Unsere Erwachsenengruppe (Februar 2013) setzt sich aus aktiven erfolgreichen Judokas die in den Erwachsenenbereich gewechselt sind, aus ehemals aktiven Judokas und Sp\u00e4teinsteigern\/Anf\u00e4ngern zusammen. Zwei mal in der Woche jeweils Montag und Freitag um 19 Uhr treffen sie sich, um den Judosport zu vervollkommnen, neue Techniken zu lernen und sich auf Wettk\u00e4mpfe vorzubereiten oder um einfach weiter fit zu bleiben. Unsere M\u00e4nnermannschaft belegte bei den Landesmeisterschaften 2012 immerhin den 3. Platz und &#8222;Harzi&#8220; Schr\u00f6der den 3. Platz bei der Deutschen Meisterschaft \u00dc30 &#8211; 2012.<\/p>\n<hr \/>\n<p style=\"text-align: center;\"><a class=\"imagesizer_thumb\" title=\"Elternsportgruppe Februar 2011\" href=\"https:\/\/erstersjc.de\/wordpress\/wp-includes\/imagesjoom\/verein\/Elternsport_11_1.JPG\" rel=\"lightbox[id_136]\"><img loading=\"lazy\" decoding=\"async\" class=\"imagesizer_thumb\" src=\"https:\/\/erstersjc.de\/wordpress\/wp-includes\/cache\/136_0_0_images_verein_Elternsport_11_1.JPG\" alt=\"Elternsportgruppe Februar 2011\" width=\"534\" height=\"388\" border=\"0\" \/><\/a><\/p>\n<p style=\"text-align: center;\"><strong>Elternsportgruppe in Schwerin-Lankow<\/strong><strong><br \/>\n<\/strong><\/p>\n<p style=\"text-align: center;\">Eltern der Vereinskinder die aus verschieden Gr\u00fcnden keinen Judosport betreiben, sich aber aktiv bet\u00e4tigen wollen. Jeden Mittwoch von 20.00 &#8211; 21.30 Uhr in der Sport- und Schwimmhalle der K\u00f6rperbehindertenschule Lankow. Ballspiele, Badminton, Fitness\u00fcbungen und Schwimmen sind m\u00f6glich!<\/p>\n","protected":false},"excerpt":{"rendered":"<p>Trainingsgruppen des 1. Schweriner Judoclubs Ipponjudo-Gruppe in der vorrangig die Sportgymnasiasten trainieren Unsere Ipponjudo-Gruppe (Mai 2019): 4 x w\u00f6chentliches Training. Zum Gro\u00dfteil Judokas die am Schweriner Sportgymnasium zur Schule gehen. Erfolge vor allem bei den Meisterschaften und internationalen Turnieren. Trainer Peter Schneider. &nbsp; Technikjudo-Gruppe Unsere Technikijudo-Gruppe geht \u00fcber alle Altersklassen (Mai 2019): 3 x w\u00f6chentliches [&hellip;]<\/p>\n","protected":false},"author":2,"featured_media":0,"parent":0,"menu_order":0,"comment_status":"closed","ping_status":"closed","template":"","meta":{"footnotes":""},"class_list":["post-435","page","type-page","status-publish","hentry"],"_links":{"self":[{"href":"https:\/\/erstersjc.de\/index.php?rest_route=\/wp\/v2\/pages\/435","targetHints":{"allow":["GET"]}}],"collection":[{"href":"https:\/\/erstersjc.de\/index.php?rest_route=\/wp\/v2\/pages"}],"about":[{"href":"https:\/\/erstersjc.de\/index.php?rest_route=\/wp\/v2\/types\/page"}],"author":[{"embeddable":true,"href":"https:\/\/erstersjc.de\/index.php?rest_route=\/wp\/v2\/users\/2"}],"replies":[{"embeddable":true,"href":"https:\/\/erstersjc.de\/index.php?rest_route=%2Fwp%2Fv2%2Fcomments&post=435"}],"version-history":[{"count":10,"href":"https:\/\/erstersjc.de\/index.php?rest_route=\/wp\/v2\/pages\/435\/revisions"}],"predecessor-version":[{"id":8059,"href":"https:\/\/erstersjc.de\/index.php?rest_route=\/wp\/v2\/pages\/435\/revisions\/8059"}],"wp:attachment":[{"href":"https:\/\/erstersjc.de\/index.php?rest_route=%2Fwp%2Fv2%2Fmedia&parent=435"}],"curies":[{"name":"wp","href":"https:\/\/api.w.org\/{rel}","templated":true}]}}